{"id":2,"date":"2020-09-15T13:01:27","date_gmt":"2020-09-15T13:01:27","guid":{"rendered":"https:\/\/szepsegesvarandossag.hu\/?page_id=2"},"modified":"2022-10-27T11:34:01","modified_gmt":"2022-10-27T11:34:01","slug":"sample-page","status":"publish","type":"page","link":"https:\/\/szepsegesvarandossag.hu\/?page_id=2","title":{"rendered":"Kedves Kismama, Bab\u00e1t V\u00e1r\u00f3 Csal\u00e1d!"},"content":{"rendered":"\n<p class=\"has-text-align-center has-light-gray-background-color has-background\">A <strong>Sz\u00e9ps\u00e9ges V\u00e1rand\u00f3ss\u00e1g  Konferenci\u00e1k<\/strong> \u00e9letre h\u00edv\u00f3ja <strong>Az \u00c9letmin\u0151s\u00e9g\u00e9rt Alap\u00edtv\u00e1ny<\/strong>, mely azzal a c\u00e9llal alapult, hogy oktat\u00f3, tan\u00e1csad\u00f3 programjaival seg\u00edtse a csal\u00e1dokat eg\u00e9szs\u00e9g\u00fcgyi probl\u00e9m\u00e1ik-, gazdas\u00e1gi neh\u00e9zs\u00e9geik eset\u00e9n, csal\u00e1dtervez\u00e9si folyamataik minden l\u00e9p\u00e9s\u00e9n\u00e9l.  A szakmai rendezv\u00e9nyt a <strong>Minisztereln\u00f6ks\u00e9g <\/strong>is hasznosnak, \u00e9rt\u00e9kesnek tal\u00e1lta, \u00e9s <strong>t\u00e1mogat\u00e1st ny\u00fajtott<\/strong> a program kivitelez\u00e9s\u00e9hez.<\/p>\n\n\n\n<p class=\"has-text-align-center has-light-gray-background-color has-background\">Az els\u0151  <strong><a href=\"https:\/\/szepsegesvarandossag.hu\/?page_id=93\">Sz\u00e9ps\u00e9ges V\u00e1rand\u00f3ss\u00e1g  2020. Konferenci\u00e1t<\/a><\/strong> a Covid-19 j\u00e1rv\u00e1ny miatt a harmadik id\u0151pontj\u00e1ban sem siker\u00fclt a r\u00e9sztvev\u0151kkel egy\u00fctt biztons\u00e1gosan megtartanunk, ez\u00e9rt most m\u00e1r nem halasztottuk el, hanem el\u0151ad\u00f3ink seg\u00edts\u00e9g\u00e9vel az el\u0151ad\u00e1sokr\u00f3l filmfelv\u00e9teleket k\u00e9sz\u00edtett\u00fcnk a rendezv\u00e9ny eredetileg tervezett helysz\u00edn\u00e9n, a <strong>Duna Palota Sz\u00ednh\u00e1zterm\u00e9ben<\/strong>. A felv\u00e9telek teljes terjedelm\u00fckben oldalunkon megtekinthet\u0151ek (<a href=\"https:\/\/szepsegesvarandossag.hu\/?page_id=93\"><strong>Sz\u00e9ps\u00e9ges V\u00e1rand\u00f3ss\u00e1g 2020<\/strong><\/a>). A m\u00e1sodik <strong><a href=\"https:\/\/szepsegesvarandossag.hu\/?page_id=1897\">Sz\u00e9ps\u00e9ges V\u00e1rand\u00f3ss\u00e1g 2021. Konferenci\u00e1t<\/a><\/strong> m\u00e1r a j\u00e1rv\u00e1ny harmadik hull\u00e1m\u00e1nak k\u00f6zeg\u00e9ben szervezt\u00fck meg. M\u00e1r eleve webkonferenci\u00e1ban gondolkodtunk, \u00edgy csak az \u00fajabb el\u0151ad\u00e1sblokk szakmai el\u0151ad\u00f3it h\u00edvtuk meg a tervezett napra. A filmfelv\u00e9teleket a Duna Palota Elvira Szalonj\u00e1ban k\u00e9sz\u00edtett\u00fck el. A harmadik Sz\u00e9ps\u00e9ges V\u00e1rand\u00f3ss\u00e1g 2022. Konferenci\u00e1t a j\u00e1rv\u00e1ny \u00f6t\u00f6dik hull\u00e1m\u00e1nak lezajl\u00e1s\u00e1t k\u00f6vet\u0151en kismam\u00e1k r\u00e9szv\u00e9tel\u00e9vel tartottuk meg a Lurdy Rendezv\u00e9ny- \u00e9s Konferencia k\u00f6zpontban. Az el\u0151ad\u00e1sprogramot szint\u00e9n filmre vett\u00fck, \u00e9s a <a href=\"https:\/\/szepsegesvarandossag.hu\/?page_id=135\"><strong>Sz\u00e9ps\u00e9ges V\u00e1rand\u00f3ss\u00e1g 2022. Konferencia<\/strong> <\/a>men\u00fcpont alatt megtekinthet\u0151v\u00e9 tett\u00fck azok sz\u00e1m\u00e1ra is, akik nem vettek r\u00e9szt a programon.    <\/p>\n\n\n\n<p class=\"has-text-align-center has-light-gray-background-color has-background\">  A <strong>Sz\u00e9ps\u00e9ges V\u00e1rand\u00f3ss\u00e1g Konferenci\u00e1k<\/strong> egy \u00fajfajta kapcsolat kialak\u00edt\u00e1s a babav\u00e1r\u00f3 csal\u00e1dok fel\u00e9. A szakmai el\u0151ad\u00f3k\/el\u0151ad\u00e1sok a v\u00e1rand\u00f3ss\u00e1g, a sz\u00fcl\u00e9s \u00e9s a csecsem\u0151gondoz\u00e1s sor\u00e1n gyakran felmer\u00fcl\u0151 k\u00e9rd\u00e9sekre adnak v\u00e1laszt, a t\u00e1mogat\u00f3i partnerekkel t\u00f6rt\u00e9n\u0151 kontaktus pedig a csal\u00e1dtervez\u00e9shez sz\u00fcks\u00e9ges eszk\u00f6z\u00f6kh\u00f6z, szolg\u00e1ltat\u00e1sokhoz hozza k\u00f6zelebb \u0151ket.                                                                                                                                                                                                                                                         <\/p>\n\n\n\n<p class=\"has-text-align-center has-light-gray-background-color has-background\">Webkonferencia fel\u00fclet\u00fcnket folyamatosan friss\u00edtj\u00fck, \u00edgy az oldalra l\u00e1togat\u00f3 nem csak egyszer megtekintve tal\u00e1lhat rajta \u00e9rdekes inform\u00e1ci\u00f3kat, de vissza-vissza t\u00e9rve \u00fajabb \u00e9s \u00fajabb aktualit\u00e1sokkal is tal\u00e1lkozhat. Szakmai el\u0151ad\u00f3inkt\u00f3l b\u00e1rki k\u00e9rdezhet a k\u00e9rd\u00e9sek\/v\u00e1laszok men\u00fcpont seg\u00edts\u00e9g\u00e9vel.<\/p>\n\n\n\n<p class=\"has-text-align-center has-light-gray-background-color has-background\"> Rem\u00e9lj\u00fck, szakmai programjainkkal minden a webkonferencia oldalra l\u00e1togat\u00f3 kismam\u00e1nak seg\u00edts\u00e9get tudunk ny\u00fajtani v\u00e1rand\u00f3ss\u00e1guk sor\u00e1n felmer\u00fcl\u0151 k\u00e9rd\u00e9seikben.<\/p>\n\n\n\n<p class=\"has-text-align-center has-light-gray-background-color has-background\"><strong>Kellemes \u00e9s hasznos id\u0151t\u00f6lt\u00e9st k\u00edv\u00e1nunk oldalaink l\u00e1togat\u00e1s\u00e1val!<\/strong><\/p>\n","protected":false},"excerpt":{"rendered":"<p>A Sz\u00e9ps\u00e9ges V\u00e1rand\u00f3ss\u00e1g Konferenci\u00e1k \u00e9letre h\u00edv\u00f3ja Az \u00c9letmin\u0151s\u00e9g\u00e9rt Alap\u00edtv\u00e1ny, mely azzal a c\u00e9llal alapult, hogy oktat\u00f3, tan\u00e1csad\u00f3 programjaival seg\u00edtse a csal\u00e1dokat eg\u00e9szs\u00e9g\u00fcgyi probl\u00e9m\u00e1ik-, gazdas\u00e1gi neh\u00e9zs\u00e9geik eset\u00e9n, csal\u00e1dtervez\u00e9si folyamataik minden l\u00e9p\u00e9s\u00e9n\u00e9l. A szakmai rendezv\u00e9nyt a Minisztereln\u00f6ks\u00e9g is hasznosnak, \u00e9rt\u00e9kesnek tal\u00e1lta, \u00e9s &hellip; <a href=\"https:\/\/szepsegesvarandossag.hu\/?page_id=2\">Egy kattint\u00e1s ide a folytat\u00e1shoz&#8230;. <span class=\"meta-nav\">&rarr;<\/span><\/a><\/p>\n","protected":false},"author":1,"featured_media":0,"parent":0,"menu_order":0,"comment_status":"closed","ping_status":"open","template":"","meta":[],"_links":{"self":[{"href":"https:\/\/szepsegesvarandossag.hu\/index.php?rest_route=\/wp\/v2\/pages\/2"}],"collection":[{"href":"https:\/\/szepsegesvarandossag.hu\/index.php?rest_route=\/wp\/v2\/pages"}],"about":[{"href":"https:\/\/szepsegesvarandossag.hu\/index.php?rest_route=\/wp\/v2\/types\/page"}],"author":[{"embeddable":true,"href":"https:\/\/szepsegesvarandossag.hu\/index.php?rest_route=\/wp\/v2\/users\/1"}],"replies":[{"embeddable":true,"href":"https:\/\/szepsegesvarandossag.hu\/index.php?rest_route=%2Fwp%2Fv2%2Fcomments&post=2"}],"version-history":[{"count":29,"href":"https:\/\/szepsegesvarandossag.hu\/index.php?rest_route=\/wp\/v2\/pages\/2\/revisions"}],"predecessor-version":[{"id":2108,"href":"https:\/\/szepsegesvarandossag.hu\/index.php?rest_route=\/wp\/v2\/pages\/2\/revisions\/2108"}],"wp:attachment":[{"href":"https:\/\/szepsegesvarandossag.hu\/index.php?rest_route=%2Fwp%2Fv2%2Fmedia&parent=2"}],"curies":[{"name":"wp","href":"https:\/\/api.w.org\/{rel}","templated":true}]}}