{"id":129,"date":"2020-09-18T12:22:41","date_gmt":"2020-09-18T12:22:41","guid":{"rendered":"https:\/\/szepsegesvarandossag.hu\/?page_id=129"},"modified":"2026-02-20T08:39:51","modified_gmt":"2026-02-20T08:39:51","slug":"kiadvanyaink","status":"publish","type":"page","link":"https:\/\/szepsegesvarandossag.hu\/?page_id=129","title":{"rendered":"Kiadv\u00e1nyok Anyuk\u00e1knak"},"content":{"rendered":"\n<div class=\"wp-block-image is-style-default\"><figure class=\"alignleft is-resized\"><img loading=\"lazy\" src=\"https:\/\/szepsegesvarandossag.hu\/wp-content\/uploads\/2021\/09\/Mit-tegyek-ha-1024x391.jpg\" alt=\"\" class=\"wp-image-1818\" width=\"463\" height=\"176\"\/><\/figure><\/div>\n\n\n\n<div class=\"wp-block-image is-style-default\"><figure class=\"alignleft size-large is-resized\"><img loading=\"lazy\" src=\"https:\/\/szepsegesvarandossag.hu\/wp-content\/uploads\/2020\/10\/Rakoczi-fuzet-1024x391.jpg\" alt=\"\" class=\"wp-image-709\" width=\"456\" height=\"173\" srcset=\"https:\/\/szepsegesvarandossag.hu\/wp-content\/uploads\/2020\/10\/Rakoczi-fuzet-1024x391.jpg 1024w, https:\/\/szepsegesvarandossag.hu\/wp-content\/uploads\/2020\/10\/Rakoczi-fuzet-300x115.jpg 300w, https:\/\/szepsegesvarandossag.hu\/wp-content\/uploads\/2020\/10\/Rakoczi-fuzet-768x293.jpg 768w, https:\/\/szepsegesvarandossag.hu\/wp-content\/uploads\/2020\/10\/Rakoczi-fuzet-1536x587.jpg 1536w, https:\/\/szepsegesvarandossag.hu\/wp-content\/uploads\/2020\/10\/Rakoczi-fuzet-2048x782.jpg 2048w\" sizes=\"(max-width: 456px) 100vw, 456px\" \/><\/figure><\/div>\n\n\n\n<div class=\"wp-block-file\"><a href=\"https:\/\/szepsegesvarandossag.hu\/wp-content\/uploads\/2021\/09\/Gyermekkori_betegsegek_e-book-1.pdf\">Mit tegyek, ha beteg a gyermekem?<\/a><a href=\"https:\/\/szepsegesvarandossag.hu\/wp-content\/uploads\/2021\/09\/Gyermekkori_betegsegek_e-book-1.pdf\" class=\"wp-block-file__button\" download>Let\u00f6lt\u00e9s<\/a><\/div>\n\n\n\n<div class=\"wp-block-file\"><a href=\"https:\/\/szepsegesvarandossag.hu\/wp-content\/uploads\/2020\/09\/Edesanyak_konyve.pdf\"><br><br><br><br><br><br>\u00c9desany\u00e1k k\u00f6nyve<\/a><a href=\"https:\/\/szepsegesvarandossag.hu\/wp-content\/uploads\/2020\/09\/Edesanyak_konyve.pdf\" class=\"wp-block-file__button\" download>Let\u00f6lt\u00e9s<\/a><\/div>\n\n\n\n<p><\/p>\n\n\n\n<div class=\"wp-block-image is-style-default\"><figure class=\"alignleft size-large is-resized\"><a href=\"https:\/\/biogaia.hu\/jotanacsok-most-szuletett-babak-melle\/\"><img loading=\"lazy\" src=\"https:\/\/szepsegesvarandossag.hu\/wp-content\/uploads\/2020\/10\/Karoliny-fuzet-1024x391.jpg\" alt=\"\" class=\"wp-image-714\" width=\"451\" height=\"171\" srcset=\"https:\/\/szepsegesvarandossag.hu\/wp-content\/uploads\/2020\/10\/Karoliny-fuzet-1024x391.jpg 1024w, https:\/\/szepsegesvarandossag.hu\/wp-content\/uploads\/2020\/10\/Karoliny-fuzet-300x115.jpg 300w, https:\/\/szepsegesvarandossag.hu\/wp-content\/uploads\/2020\/10\/Karoliny-fuzet-768x293.jpg 768w, https:\/\/szepsegesvarandossag.hu\/wp-content\/uploads\/2020\/10\/Karoliny-fuzet-1536x587.jpg 1536w, https:\/\/szepsegesvarandossag.hu\/wp-content\/uploads\/2020\/10\/Karoliny-fuzet-2048x782.jpg 2048w\" sizes=\"(max-width: 451px) 100vw, 451px\" \/><\/a><\/figure><\/div>\n\n\n\n<div class=\"wp-block-file\"><a href=\"https:\/\/szepsegesvarandossag.hu\/wp-content\/uploads\/2020\/10\/BioGaia-Az-elso-hat-het-nehezsegei-tajekoztato-fuzet-A6-2020-06-17-online-1.pdf\"><br><br><br><br><br>Az els\u0151 hat h\u00e9t neh\u00e9zs\u00e9gei<\/a><a href=\"https:\/\/szepsegesvarandossag.hu\/wp-content\/uploads\/2020\/10\/BioGaia-Az-elso-hat-het-nehezsegei-tajekoztato-fuzet-A6-2020-06-17-online-1.pdf\" class=\"wp-block-file__button\" download>Let\u00f6lt\u00e9s<\/a><\/div>\n\n\n\n<p><\/p>\n\n\n\n<p><\/p>\n\n\n\n<div class=\"wp-block-image is-style-default\"><figure class=\"alignleft size-large is-resized\"><img loading=\"lazy\" src=\"https:\/\/szepsegesvarandossag.hu\/wp-content\/uploads\/2020\/10\/A-lazmerok-titkai-fuzet-1024x391.jpg\" alt=\"\" class=\"wp-image-735\" width=\"447\" height=\"170\" srcset=\"https:\/\/szepsegesvarandossag.hu\/wp-content\/uploads\/2020\/10\/A-lazmerok-titkai-fuzet-1024x391.jpg 1024w, https:\/\/szepsegesvarandossag.hu\/wp-content\/uploads\/2020\/10\/A-lazmerok-titkai-fuzet-300x115.jpg 300w, https:\/\/szepsegesvarandossag.hu\/wp-content\/uploads\/2020\/10\/A-lazmerok-titkai-fuzet-768x293.jpg 768w, https:\/\/szepsegesvarandossag.hu\/wp-content\/uploads\/2020\/10\/A-lazmerok-titkai-fuzet-1536x587.jpg 1536w, https:\/\/szepsegesvarandossag.hu\/wp-content\/uploads\/2020\/10\/A-lazmerok-titkai-fuzet-2048x782.jpg 2048w\" sizes=\"(max-width: 447px) 100vw, 447px\" \/><\/figure><\/div>\n\n\n\n<div class=\"wp-block-file\"><a href=\"https:\/\/szepsegesvarandossag.hu\/wp-content\/uploads\/2020\/10\/A-lazmerok-titkai.pdf\"><br><br><br><br><br>A l\u00e1zm\u00e9r\u0151k titkai<\/a><a href=\"https:\/\/szepsegesvarandossag.hu\/wp-content\/uploads\/2020\/10\/A-lazmerok-titkai.pdf\" class=\"wp-block-file__button\" download>Let\u00f6lt\u00e9s<\/a><\/div>\n\n\n\n<div class=\"wp-block-image is-style-default\"><figure class=\"alignleft size-large is-resized\"><img loading=\"lazy\" src=\"https:\/\/szepsegesvarandossag.hu\/wp-content\/uploads\/2020\/10\/Te-is-szoptass-1024x391.jpg\" alt=\"\" class=\"wp-image-960\" width=\"448\" height=\"171\" srcset=\"https:\/\/szepsegesvarandossag.hu\/wp-content\/uploads\/2020\/10\/Te-is-szoptass-1024x391.jpg 1024w, https:\/\/szepsegesvarandossag.hu\/wp-content\/uploads\/2020\/10\/Te-is-szoptass-300x115.jpg 300w, https:\/\/szepsegesvarandossag.hu\/wp-content\/uploads\/2020\/10\/Te-is-szoptass-768x293.jpg 768w, https:\/\/szepsegesvarandossag.hu\/wp-content\/uploads\/2020\/10\/Te-is-szoptass-1536x587.jpg 1536w, https:\/\/szepsegesvarandossag.hu\/wp-content\/uploads\/2020\/10\/Te-is-szoptass-2048x782.jpg 2048w\" sizes=\"(max-width: 448px) 100vw, 448px\" \/><\/figure><\/div>\n\n\n\n<div class=\"wp-block-file\"><a href=\"https:\/\/szepsegesvarandossag.hu\/wp-content\/uploads\/2020\/10\/Te_is_szoptass.pdf\"><br><br><br><br><br>Te is szoptass!<\/a><a href=\"https:\/\/szepsegesvarandossag.hu\/wp-content\/uploads\/2020\/10\/Te_is_szoptass.pdf\" class=\"wp-block-file__button\" download>Let\u00f6lt\u00e9s<\/a><\/div>\n\n\n\n<div class=\"wp-block-image is-style-default\"><figure class=\"alignleft size-large is-resized\"><a href=\"https:\/\/webaruhaz.pro-mama.hu\/product\/te-is-szoptass-eletre-szolo-ajandekod-a-szoptatas\/\"><img loading=\"lazy\" src=\"https:\/\/szepsegesvarandossag.hu\/wp-content\/uploads\/2020\/10\/2_te_is_szoptass_banner_800x300px_2020_oktober.jpg\" alt=\"\" class=\"wp-image-993\" width=\"446\" height=\"167\" srcset=\"https:\/\/szepsegesvarandossag.hu\/wp-content\/uploads\/2020\/10\/2_te_is_szoptass_banner_800x300px_2020_oktober.jpg 801w, https:\/\/szepsegesvarandossag.hu\/wp-content\/uploads\/2020\/10\/2_te_is_szoptass_banner_800x300px_2020_oktober-300x112.jpg 300w, https:\/\/szepsegesvarandossag.hu\/wp-content\/uploads\/2020\/10\/2_te_is_szoptass_banner_800x300px_2020_oktober-768x288.jpg 768w\" sizes=\"(max-width: 446px) 100vw, 446px\" \/><\/a><\/figure><\/div>\n\n\n\n<div class=\"wp-block-image is-style-default\"><figure class=\"alignleft size-large is-resized\"><a href=\"http:\/\/www.mackorendelo.hu\/cikkeink\/cikkek\/a-babak-mozgasfejlodese-9-honapos-korig\"><img loading=\"lazy\" src=\"https:\/\/szepsegesvarandossag.hu\/wp-content\/uploads\/2021\/06\/Macko-konyv-1024x391.jpg\" alt=\"\" class=\"wp-image-1488\" width=\"447\" height=\"171\" srcset=\"https:\/\/szepsegesvarandossag.hu\/wp-content\/uploads\/2021\/06\/Macko-konyv-1024x391.jpg 1024w, https:\/\/szepsegesvarandossag.hu\/wp-content\/uploads\/2021\/06\/Macko-konyv-300x115.jpg 300w, https:\/\/szepsegesvarandossag.hu\/wp-content\/uploads\/2021\/06\/Macko-konyv-768x293.jpg 768w, https:\/\/szepsegesvarandossag.hu\/wp-content\/uploads\/2021\/06\/Macko-konyv-1536x587.jpg 1536w, https:\/\/szepsegesvarandossag.hu\/wp-content\/uploads\/2021\/06\/Macko-konyv-2048x782.jpg 2048w\" sizes=\"(max-width: 447px) 100vw, 447px\" \/><\/a><\/figure><\/div>\n\n\n\n<div class=\"wp-block-image\"><figure class=\"alignleft size-large is-resized\"><a href=\"https:\/\/szepsegesvarandossag.hu\/wp-content\/uploads\/2021\/09\/Uj-oltasi-naptar-A5-kisfuzet_05.pdf\"><img loading=\"lazy\" src=\"https:\/\/szepsegesvarandossag.hu\/wp-content\/uploads\/2021\/09\/Pfizer_oltasi-banner-1024x464.jpg\" alt=\"\" class=\"wp-image-1775\" width=\"480\" height=\"218\" srcset=\"https:\/\/szepsegesvarandossag.hu\/wp-content\/uploads\/2021\/09\/Pfizer_oltasi-banner-1024x464.jpg 1024w, https:\/\/szepsegesvarandossag.hu\/wp-content\/uploads\/2021\/09\/Pfizer_oltasi-banner-300x136.jpg 300w, https:\/\/szepsegesvarandossag.hu\/wp-content\/uploads\/2021\/09\/Pfizer_oltasi-banner-768x348.jpg 768w, https:\/\/szepsegesvarandossag.hu\/wp-content\/uploads\/2021\/09\/Pfizer_oltasi-banner-1536x697.jpg 1536w, https:\/\/szepsegesvarandossag.hu\/wp-content\/uploads\/2021\/09\/Pfizer_oltasi-banner-2048x929.jpg 2048w\" sizes=\"(max-width: 480px) 100vw, 480px\" \/><\/a><\/figure><\/div>\n\n\n\n<p><\/p>\n","protected":false},"excerpt":{"rendered":"","protected":false},"author":1,"featured_media":0,"parent":0,"menu_order":0,"comment_status":"closed","ping_status":"closed","template":"","meta":[],"_links":{"self":[{"href":"https:\/\/szepsegesvarandossag.hu\/index.php?rest_route=\/wp\/v2\/pages\/129"}],"collection":[{"href":"https:\/\/szepsegesvarandossag.hu\/index.php?rest_route=\/wp\/v2\/pages"}],"about":[{"href":"https:\/\/szepsegesvarandossag.hu\/index.php?rest_route=\/wp\/v2\/types\/page"}],"author":[{"embeddable":true,"href":"https:\/\/szepsegesvarandossag.hu\/index.php?rest_route=\/wp\/v2\/users\/1"}],"replies":[{"embeddable":true,"href":"https:\/\/szepsegesvarandossag.hu\/index.php?rest_route=%2Fwp%2Fv2%2Fcomments&post=129"}],"version-history":[{"count":90,"href":"https:\/\/szepsegesvarandossag.hu\/index.php?rest_route=\/wp\/v2\/pages\/129\/revisions"}],"predecessor-version":[{"id":2140,"href":"https:\/\/szepsegesvarandossag.hu\/index.php?rest_route=\/wp\/v2\/pages\/129\/revisions\/2140"}],"wp:attachment":[{"href":"https:\/\/szepsegesvarandossag.hu\/index.php?rest_route=%2Fwp%2Fv2%2Fmedia&parent=129"}],"curies":[{"name":"wp","href":"https:\/\/api.w.org\/{rel}","templated":true}]}}